73 a prime number?
False
Is 16666740637 a prime number?
False
Is 978861109 a composite number?
False
Is 4250874179 prime?
False
Is 1794552271 composite?
False
Is 1239620619 a composite number?
True
Is 3789636289 a composite number?
True
Is 185800147 prime?
False
Is 11526695095 prime?
False
Is 2992171967 a prime number?
True
Is 1238486647 a composite number?
False
Is 86341034327 a prime number?
True
Is 63847739 a prime number?
True
Is 3091691437 prime?
True
Is 3985402654 composite?
True
Is 34690429333 composite?
True
Is 138405887 prime?
False
Is 17465430263 composite?
True
Is 12105071347 prime?
True
Is 36067003277 prime?
False
Is 54434661899 a composite number?
False
Is 5980016059 a prime number?
False
Is 21714487163 a prime number?
True
Is 63831587 composite?
False
Is 4021246403 a prime number?
True
Is 27908607907 a prime number?
True
Is 1068670309 prime?
False
Is 76872282173 composite?
False
Is 13744074059 prime?
False
Is 4132620919 a prime number?
False
Is 2737400969 prime?
True
Is 196480337 prime?
True
Is 1351577111 prime?
True
Is 2166528851 a composite number?
False
Is 6845399263 a composite number?
False
Is 7344419597 composite?
True
Is 76156897 prime?
False
Is 22453186165 a prime number?
False
Is 2822613158 composite?
True
Is 3365931607 a prime number?
False
Is 28932575393 a composite number?
True
Is 2117032945 a prime number?
False
Is 3802690049 prime?
True
Is 1235910953 composite?
False
Is 180518647 composite?
False
Is 74192437211 composite?
False
Is 593550799 composite?
False
Is 74347733959 a composite number?
False
Is 6055526629 composite?
True
Is 309266233 prime?
False
Is 1036249111 prime?
False
Is 11485669571 a prime number?
True
Is 16919282 composite?
True
Is 6804416677 a prime number?
True
Is 9671787029 composite?
False
Is 431475542 composite?
True
Is 21947450377 composite?
False
Is 356005123 a prime number?
True
Is 174566019 a prime number?
False
Is 128571563 a prime number?
True
Is 75225824857 prime?
False
Is 19516288183 a composite number?
True
Is 5229465077 composite?
False
Is 3831678581 a prime number?
True
Is 13929961 a prime number?
True
Is 17081243593 composite?
False
Is 30215084915 composite?
True
Is 21276219281 prime?
True
Is 2374841621 prime?
False
Is 90266921 a composite number?
False
Is 104866898237 prime?
True
Is 14846642621 a composite number?
True
Is 526605623 a prime number?
True
Is 29776046087 prime?
False
Is 134652769309 a prime number?
True
Is 16069601741 a prime number?
True
Is 711597511 a composite number?
False
Is 135825637 composite?
False
Is 392696303 a prime number?
True
Is 2691846581 composite?
True
Is 145255359539 a prime number?
True
Is 856875197 composite?
False
Is 383482207 prime?
True
Is 17930068867 composite?
False
Is 16554648767 a composite number?
False
Is 1769587907 a composite number?
False
Is 6192296419 composite?
False
Is 42258799351 composite?
True
Is 2726081 prime?
True
Is 138069067783 a prime number?
False
Is 9189703049 a prime number?
False
Is 202472931 prime?
False
Is 487437647 composite?
True
Is 70819967 a composite number?
True
Is 223962113 composite?
True
Is 277962779 composite?
False
Is 1243233883 a composite number?
False
Is 10834966321 a composite number?
False
Is 5350959473 prime?
True
Is 121636738577 a composite number?
True
Is 174952381 composite?
True
Is 21797374897 a composite number?
True
Is 102378277 a prime number?
True
Is 2485342033 a composite number?
False
Is 22395041153 a prime number?
True
Is 4233118481 a prime number?
False
Is 1899442778 a composite number?
True
Is 14001592741 a prime number?
True
Is 62555771911 prime?
True
Is 8259831291 composite?
True
Is 140193466663 a composite number?
False
Is 68116752461 composite?
False
Is 14715827117 prime?
True
Is 8062493561 a composite number?
False
Is 40108410079 a prime number?
True
Is 275681699 composite?
False
Is 4653198623 a prime number?
False
Is 12972926299 a prime number?
True
Is 309369397 a prime number?
False
Is 16251209209 prime?
False
Is 34242581 composite?
False
Is 30696723397 a prime number?
True
Is 63798537287 prime?
True
Is 12593218783 prime?
False
Is 57927001259 a prime number?
True
Is 730104211 a composite number?
True
Is 6049617473 composite?
True
Is 111204127999 composite?
True
Is 24616903 a composite number?
False
Is 149093983 prime?
True
Is 1582128143 prime?
True
Is 710434451 composite?
False
Is 2200394362 prime?
False
Is 12702497387 prime?
False
Is 24822990769 a prime number?
True
Is 13958951 a composite number?
True
Is 102162743849 a prime number?
True
Is 4080366461 a composite number?
False
Is 1824211223 a prime number?
False
Is 139696901 prime?
True
Is 6942790747 composite?
True
Is 18301665137 a composite number?
True
Is 25148159353 a prime number?
True
Is 84297990551 a prime number?
True
Is 41394372077 a prime number?
True
Is 57540787411 composite?
False
Is 18906661633 a prime number?
True
Is 42854363 composite?
False
Is 161708887337 a prime number?
True
Is 5961173759 composite?
False
Is 6818372887 prime?
True
Is 21208855411 a composite number?
True
Is 852821069 prime?
True
Is 1474615273 prime?
False
Is 15817149919 a composite number?
False
Is 24501456437 a prime number?
False
Is 2476449071 a prime number?
False
Is 900188687 a prime number?
False
Is 10262120111 a prime number?
True
Is 566801809 a composite number?
True
Is 2768882651 a prime number?
True
Is 1443407323 prime?
False
Is 274976263 prime?
True
Is 5218190206 a prime number?
False
Is 2964033461 composite?
False
Is 768818021 a prime number?
True
Is 109589763541 composite?
False
Is 7502519191 a prime number?
True
Is 717191513 composite?
True
Is 529534519 composite?
True
Is 4721459 prime?
False
Is 22532200391 composite?
True
Is 1499247293 a composite number?
False
Is 40741242181 prime?
True
Is 35734352671 composite?
False
Is 68844983791 composite?
False
Is 67450600729 prime?
True
Is 14541092057 prime?
True
Is 565031179 a composite number?
True
Is 31649316505 a composite number?
True
Is 85462319281 a composite number?
True
Is 3939391669 prime?
True
Is 75475640389 composite?
False
Is 103913539 composite?
False
Is 935697829 a composite number?
True
Is 794045453 a composite number?
False
Is 17244371941 a composite number?
False
Is 3898203011 prime?
False
Is 2039644345 composite?
True
Is 870619907 a composite number?
True
Is 5657001139 prime?
True
Is 83312473819 composite?
False
Is 18446386573 a composite number?
False
Is 5079511627 composite?
False
Is 781393567 composite?
True
Is 399928811 a composite number?
False
Is 35231955893 a prime number?
True
Is 1084099103 composite?
True
Is 646854595 a composite number?
True
Is 10182428411 prime?
False
Is 631372499 composite?
True
Is 110310775357 a composite number?
False
Is 19245637049 prime?
False
Is 16881351749 a prime number?
True
Is 1077042727 a composite number?
False
Is 1228518847 a prime number?
True
Is 20684074223 prime?
True
Is 90103751 a prime number?
True
Is 461184763 a composite number?
True
Is 32763389723 composite?
True
Is 2969425903 prime?
False
Is 29895531515 composite?
True
Is 91645691 composite?
True
Is 1832669203 a composite number?
False
Is 34632769709 composite?
True
Is 25673303231 composite?
False
Is 1382166733 prime?
False
Is 7061827673 composite?
True
Is 4909382437 a composite number?
False
Is 18128311 composite?
False
Is 5367195481 a prime number?
True
Is 4133318597 composite?
False
Is 36534785134 a prime number?
False
Is 845162171 prime?
False
Is 69188822123 composite?
True
Is 56121735067 a prime number?
True
Is 32971997 composite?
False
Is 1450520207 prime?
True
Is 310399729 composite?
False
Is 23185601 a composite number?
True
Is 752443473 prime?
False
Is 84547972433 prime?
False
Is 3041706511 a prime number?
True
Is 4806661861 prime?
True
Is 107219349781 prime?
True
Is 21626032243 a prime number?
True
Is 1860974123 a composite number?
False
Is 6829393643 a composite number?
False
Is 111696756557 composite?
False
Is 55903932107 prime?
False
Is 2194451533 prime?
False
Is 148786069913 a prime number?
False
Is 125055346627 prime?
False
Is 439015981 composite?
False
Is 16915085039 prime?
True
Is 8458032893 composite?
True
Is 2706651109 a prime number?
False
Is 33315967 prime?
True
Is 192439427 composite?
False
Is 609821573 a prime number?
True
Is 5497947463 a composite numbe